
Convert -20411 (base 14) to base 3.
-10221111020
What is -22121211021 (base 3) in base 11?
-10657a
4045473 (base 9) to base 10
2156043
-9089c2 (base 14) to base 13
-10140b1
375585 (base 9) to base 8
673601
What is 12c550 (base 14) in base 16?
9e5ba
What is 2344222 (base 5) in base 15?
ce27
Convert -4e4f6 (base 16) to base 5.
-40231013
283c2 (base 15) to base 12
6286b
Convert -111111010010111101010 (base 2) to base 16.
-1fa5ea
Convert -574823 (base 9) to base 2.
-1010100001010110101
-1754714 (base 9) to base 15
-145a5a
What is 5559f4 (base 16) in base 5?
2412443323
-56839a (base 13) to base 16
-1f3859
What is -5164540 (base 7) in base 15?
-c406d
Convert 18c2ab (base 13) to base 14.
12450c
What is -443324242 (base 5) in base 10?
-1933072
-22012000220112 (base 3) to base 13
-b9432c
Convert -83838d (base 14) to base 16.
-43c1b9
Convert 446047 (base 14) to base 5.
1043241422
Convert -1101110011010110100100 (base 2) to base 12.
-1265a58
Convert -1211300320 (base 4) to base 13.
-117955
Convert 20212525 (base 7) to base 8.
6331123
Convert -14150063 (base 7) to base 13.
-37424c
Convert 11010011000000101010111 (base 2) to base 4.
122120011113
Convert 31be46 (base 15) to base 2.
1001000010011001000011
Convert 110101110001110000 (base 2) to base 16.
35c70
Convert 110111101000010110 (base 2) to base 14.
5d07c
Convert -550106 (base 8) to base 7.
-1365403
10001110111010100001000 (base 2) to base 15
627861
-4cace (base 16) to base 7
-2445430
What is 1259213 (base 11) in base 9?
4081145
-735a57 (base 14) to base 7
-45053640
Convert -6031242 (base 9) to base 14.
-5d77aa
Convert 80cac (base 16) to base 11.
330385
What is -e976 (base 16) in base 12?
-2a706
Convert -1267465 (base 8) to base 9.
-602481
Convert -1222221222122 (base 3) to base 12.
-4327bb
Convert 11100100200001 (base 3) to base 6.
121302131
What is -37301650 (base 8) in base 14?
-11419c4
What is 1ed58 (base 15) in base 3?
12010101102
Convert -d46db (base 15) to base 8.
-2442635
Convert 11000110111000100 (base 2) to base 4.
120313010
33002311213 (base 4) to base 5
2002200113
39452 (base 12) to base 16
1323e
Convert -1120670 (base 9) to base 8.
-2234001
What is 6340731 (base 10) in base 8?
30140173
Convert -273376 (base 14) to base 13.
-3850a2
What is 13310320233 (base 4) in base 9?
3766270
Convert -18334c (base 14) to base 2.
-11010000100000011000
Convert -25176444 (base 8) to base 4.
-111033310210
Convert -58321 (base 11) to base 2.
-10100100100001111
-120403031 (base 5) to base 14
-107dd4
Convert -142320 (base 8) to base 14.
-1450c
-103010023 (base 4) to base 11
-53742
What is -8ae8b2 (base 15) in base 4?
-121102301003
29a229 (base 12) to base 16
ab5c1
-b00e3a (base 15) to base 6
-455034414
-5273290 (base 10) to base 2
-10100000111011011001010
1121030302 (base 5) to base 12
a14b21
Convert -202000012222 (base 3) to base 10.
-393821
Convert -659179 (base 10) to base 4.
-2200323223
Convert 354521014 (base 6) to base 5.
3201314400
What is 1303331133 (base 5) in base 7?
36025511
Convert -20c2613 (base 13) to base 12.
-3424092
-b313b9 (base 13) to base 12
-1492962
Convert -12c2e6 (base 15) to base 9.
-1624020
What is -270e (base 15) in base 2?
-10000010010011
Convert 250c83 (base 14) to base 12.
513097
-177 (base 8) to base 6
-331
-5452031 (base 6) to base 2
-1000010001111010011
776666 (base 8) to base 6
5334530
-4142325 (base 6) to base 12
-979a5
What is 5413305 (base 6) in base 10?
266441
Convert -22397 (base 14) to base 16.
-14461
What is 715794 (base 11) in base 8?
4305243
Convert -10000010110001011011 (base 2) to base 15.
-a8a98
What is -2557209 (base 10) in base 4?
-21300110121
-111100011001101000 (base 2) to base 6
-5145212
1101001001010110011 (base 2) to base 8
1511263
1410521 (base 8) to base 15
7cc4e
What is -331202001 (base 4) in base 6?
-5222453
Convert 212270 (base 11) to base 8.
1227414
-445330145 (base 6) to base 4
-132321033101
What is -194906 (base 11) in base 6?
-10225211
Convert 127a3 (base 16) to base 8.
223643
What is 140000440 (base 5) in base 4?
2223230031
Convert -6ee3b3 (base 15) to base 8.
-24211105
What is -220122002 (base 3) in base 2?
-100011000100101
Convert -1ab255 (base 13) to base 10.
-681478
-111010111010101101001 (base 2) to base 15
-28206b
Convert 14b7 (base 15) to base 16.
115f
3381358 (base 11) to base 8
26444061
What is 2c99c5 (base 14) in base 6?
53301213
Convert 14615541 (base 9) to base 14.
d74a83
What is -1001886 (base 9) in base 15?
-a7d66
What is 33247127 (base 9) in base 8?
75307155
What is -1022644 (base 9) in base 14?
-103271
Convert -171a3e (base 16) to base 4.
-11301220332
What is 2329994 (base 10) in base 3?
11101101011002
Convert -413875 (base 13) to base 15.
-200d67
What is 2760a7 (base 12) in base 14?
130131
What is 201321010221 (base 4) in base 7?
135342252
-1853c (base 13) to base 8
-133671
What is -11010010011001011 (base 2) in base 6?
-2150415
What is 482725 (base 11) in base 9?
1385173
Convert 3ffcf (base 16) to base 14.
6b731
What is 11010302003 (base 4) in base 13?
377684
What is 3b0a9d (base 16) in base 5?
1442304331
What is -32322431 (base 6) in base 14?
-1ada15
aa38b (base 13) to base 4
1023033222
What is 112001220101 (base 3) in base 7?
2232301
-4598909 (base 10) to base 16
-462c7d
What is -b4068 (base 16) in base 12?
-2b6888
12102022112110 (base 3) to base 15
3bd4b0
Convert 53253 (base 16) to base 12.
145103
2511022 (base 6) to base 7
1064564
What is -8a54b (base 12) in base 4?
-230322023
What is -310135 (base 6) in base 14?
-8dd1
Convert -2917a (base 11) to base 10.
-41469
30513 (base 10) to base 15
9093
Convert -100000100110101001101 (base 2) to base 15.
-161845
Convert -2200197 (base 10) to base 3.
-11010210002210
What is 1103110320 (base 4) in base 16?
53538
Convert -e0a3 (base 16) to base 6.
-1122123
Convert -2426702 (base 10) to base 15.
-32e052
What is 23864812 (base 9) in base 4?
230202133022
121166 (base 9) to base 5
4314131
What is -10738814 (base 9) in base 6?
-303534104
299273 (base 16) to base 8
12311163
3340345 (base 8) to base 2
11011100000011100101
What is -331223321310 (base 4) in base 5?
-13114424422
Convert -1111020020120 (base 3) to base 12.
-322313
What is 145218 (base 13) in base 7?
4136430
What is 1011313201 (base 4) in base 11?
186011
What is -101111101011101011 (base 2) in base 4?
-233223223
What is 7a31a (base 13) in base 9?
368101
Convert 10002110200022 (base 3) to base 4.
12101012303
216e1e (base 15) to base 10
1592804
What is -3413334 (base 6) in base 10?
-173146
-22ba52 (base 14) to base 6
-41220412
d43b (base 16) to base 3
2202112021
1101001010111111101 (base 2) to base 16
695fd
What is -3375619 (base 10) in base 4?
-30320020003
What is -183752 (base 11) in base 4?
-1011013010
Convert 529282 (base 10) to base 15.
a6c57
Convert 16062641 (base 8) to base 12.
12a2aa9
What is -5e9d (base 15) in base 9?
-30604
Convert -2100010010 (base 3) to base 14.
-12aa7
What is -110110200211120 (base 3) in base 6?
-354013323
-67f0 (base 16) to base 15
-7d3d
What is -83980 (base 16) in base 13?
-15b452
What is -10111001110111000 (base 2) in base 15?
-1d2e0
What is -30c626 (base 13) in base 10?
-1141289
Convert -2376673 (base 10) to base 13.
-652a20
-73e80 (base 15) to base 12
-1589b6
What is -813a9 (base 16) in base 14?
-dac89
Convert 1314033020 (base 5) to base 4.
30131310231
What is 56033361 (base 7) in base 9?
10074263
What is 1020041 (base 6) in base 11?
34024
-562302 (base 9) to base 12
-142762
What is -567806 (base 10) in base 3?
-1001211212212
What is 2122647 (base 9) in base 13?
30a708
-2034534 (base 6) to base 9
-158714
Convert -136338c (base 13) to base 9.
-12456046
What is -110100121010102 (base 3) in base 9?
-13317112
What is 820a (base 14) in base 5?
1203404
Convert 26027373 (base 9) to base 15.
11c4963
What is -307210 (base 8) in base 16?
-18e88
-116325 (base 9) to base 14
-1b85c
What is 550512521 (base 6) in base 4?
211201333201
Convert -3734604 (base 8) to base 12.
-418458
-35d75 (base 14) to base 6
-2453203
55190 (base 10) to base 2
1101011110010110
-1011001111101100000 (base 2) to base 12
-1592a8
What is -14a420 (base 12) in base 3?
-122202122020
Convert -243473 (base 15) to base 6.
-101044143
-1010101001100001000 (base 2) to base 16
-55308
Convert 100101210220121 (base 3) to base 10.
4995772
Convert -114